{"id":299,"date":"2022-09-01T18:16:17","date_gmt":"2022-09-01T18:16:17","guid":{"rendered":"https:\/\/mazuryhome.com\/?page_id=299"},"modified":"2022-09-01T18:16:17","modified_gmt":"2022-09-01T18:16:17","slug":"finansowanie","status":"publish","type":"page","link":"https:\/\/mazuryhome.com\/?page_id=299","title":{"rendered":"Finansowanie"},"content":{"rendered":"<p>[et_pb_section fb_built=&#8221;1&#8243; _builder_version=&#8221;4.16&#8243; custom_padding=&#8221;1px||90px||false|false&#8221; global_colors_info=&#8221;{}&#8221; theme_builder_area=&#8221;post_content&#8221;][et_pb_row use_custom_gutter=&#8221;on&#8221; gutter_width=&#8221;2&#8243; make_equal=&#8221;on&#8221; _builder_version=&#8221;4.16&#8243; width=&#8221;90%&#8221; width_tablet=&#8221;90%&#8221; width_phone=&#8221;90%&#8221; width_last_edited=&#8221;on|tablet&#8221; max_width=&#8221;1170px&#8221; max_width_tablet=&#8221;90%&#8221; max_width_phone=&#8221;90%&#8221; max_width_last_edited=&#8221;on|desktop&#8221; custom_padding=&#8221;110px||||false|false&#8221; global_colors_info=&#8221;{}&#8221; theme_builder_area=&#8221;post_content&#8221;][et_pb_column type=&#8221;4_4&#8243; _builder_version=&#8221;4.16&#8243; global_colors_info=&#8221;{}&#8221; theme_builder_area=&#8221;post_content&#8221;][et_pb_text _builder_version=&#8221;4.18.0&#8243; text_font=&#8221;Montserrat|600|||||||&#8221; text_text_color=&#8221;#111111&#8243; text_font_size=&#8221;46px&#8221; text_letter_spacing=&#8221;-1px&#8221; text_line_height=&#8221;1em&#8221; text_orientation=&#8221;center&#8221; hover_enabled=&#8221;0&#8243; text_font_size_tablet=&#8221;30px&#8221; text_font_size_phone=&#8221;20px&#8221; text_font_size_last_edited=&#8221;on|phone&#8221; global_colors_info=&#8221;{}&#8221; theme_builder_area=&#8221;post_content&#8221; sticky_enabled=&#8221;0&#8243;]<\/p>\n<p>Finansowanie<\/p>\n<p>[\/et_pb_text][\/et_pb_column][\/et_pb_row][et_pb_row use_custom_gutter=&#8221;on&#8221; make_equal=&#8221;on&#8221; _builder_version=&#8221;4.16&#8243; width=&#8221;90%&#8221; width_tablet=&#8221;90%&#8221; width_phone=&#8221;90%&#8221; width_last_edited=&#8221;on|tablet&#8221; max_width=&#8221;1170px&#8221; max_width_tablet=&#8221;90%&#8221; max_width_phone=&#8221;90%&#8221; max_width_last_edited=&#8221;on|desktop&#8221; custom_padding=&#8221;50px|||||&#8221; global_colors_info=&#8221;{}&#8221; theme_builder_area=&#8221;post_content&#8221;][et_pb_column type=&#8221;4_4&#8243; _builder_version=&#8221;4.16&#8243; global_colors_info=&#8221;{}&#8221; theme_builder_area=&#8221;post_content&#8221;][et_pb_text _builder_version=&#8221;4.18.0&#8243; _module_preset=&#8221;default&#8221; hover_enabled=&#8221;0&#8243; global_colors_info=&#8221;{}&#8221; theme_builder_area=&#8221;post_content&#8221; sticky_enabled=&#8221;0&#8243;]<\/p>\n<p>Oferujemy bezp\u0142atn\u0105 i skuteczn\u0105 pomoc w uzyskaniu kredytu. Skorzystaj z do\u015bwiadczenia naszych ekspert\u00f3w.<\/p>\n<p>Kredyt hipoteczny jest jedn\u0105 z naszych najwa\u017cniejszych decyzji finansowych. Taki kredyt zaci\u0105gany jest na lata i wi\u0105\u017ce si\u0119 z kosztami, kt\u00f3re warto dok\u0142adnie przeanalizowa\u0107. Nie ka\u017cdy jednak ma czas i wystarczaj\u0105c\u0105 wiedz\u0119, by m\u00f3c sprawdzi\u0107 oferty kredytowe na rynku. Po\u015bpiech w tym przypadku nie jest najlepszym doradc\u0105, ale skorzystanie z us\u0142ug po\u015brednika mo\u017ce by\u0107 bardzo pomocne.<\/p>\n<p><strong>W trakcie zakupu nieruchomo\u015bci z udzia\u0142em kredytu hipotecznego:<\/strong><\/p>\n<ul>\n<li>Sprawdzimy Twoj\u0105 zdolno\u015b\u0107,<\/li>\n<li>Wybierzemy najta\u0144szy kredyt,<\/li>\n<li>Zajmiemy si\u0119 formalno\u015bciami,<\/li>\n<li>Przy\u015bpieszymy proces decyzyjny i pomo\u017cemy w negocjacjach,<\/li>\n<li>Zweryfikujemy i wyja\u015bnimy zapisy umowy,<\/li>\n<li>Po uruchomieniu kredytu to bank zap\u0142aci za wykonan\u0105 us\u0142ug\u0119. Nie ponosisz \u017cadnych koszt\u00f3w zwi\u0105zanych z doradztwem.<\/li>\n<\/ul>\n<p><span style=\"text-decoration: underline;\">Szczeg\u00f3\u0142owe informacje znajdziesz w ka\u017cdym naszych biurach.<\/span><\/p>\n<p>[\/et_pb_text][\/et_pb_column][\/et_pb_row][\/et_pb_section]<\/p>\n","protected":false},"excerpt":{"rendered":"<p>FinansowanieOferujemy bezp\u0142atn\u0105 i skuteczn\u0105 pomoc w uzyskaniu kredytu. Skorzystaj z do\u015bwiadczenia naszych ekspert\u00f3w. Kredyt hipoteczny jest jedn\u0105 z naszych najwa\u017cniejszych decyzji finansowych. Taki kredyt zaci\u0105gany jest na lata i wi\u0105\u017ce si\u0119 z kosztami, kt\u00f3re warto dok\u0142adnie przeanalizowa\u0107. Nie ka\u017cdy jednak ma czas i wystarczaj\u0105c\u0105 wiedz\u0119, by m\u00f3c sprawdzi\u0107 oferty kredytowe na rynku. Po\u015bpiech w tym [&hellip;]<\/p>\n","protected":false},"author":1,"featured_media":0,"parent":0,"menu_order":0,"comment_status":"closed","ping_status":"closed","template":"","meta":{"_et_pb_use_builder":"on","_et_pb_old_content":"","_et_gb_content_width":"","footnotes":""},"class_list":["post-299","page","type-page","status-publish","hentry"],"_links":{"self":[{"href":"https:\/\/mazuryhome.com\/index.php?rest_route=\/wp\/v2\/pages\/299","targetHints":{"allow":["GET"]}}],"collection":[{"href":"https:\/\/mazuryhome.com\/index.php?rest_route=\/wp\/v2\/pages"}],"about":[{"href":"https:\/\/mazuryhome.com\/index.php?rest_route=\/wp\/v2\/types\/page"}],"author":[{"embeddable":true,"href":"https:\/\/mazuryhome.com\/index.php?rest_route=\/wp\/v2\/users\/1"}],"replies":[{"embeddable":true,"href":"https:\/\/mazuryhome.com\/index.php?rest_route=%2Fwp%2Fv2%2Fcomments&post=299"}],"version-history":[{"count":2,"href":"https:\/\/mazuryhome.com\/index.php?rest_route=\/wp\/v2\/pages\/299\/revisions"}],"predecessor-version":[{"id":301,"href":"https:\/\/mazuryhome.com\/index.php?rest_route=\/wp\/v2\/pages\/299\/revisions\/301"}],"wp:attachment":[{"href":"https:\/\/mazuryhome.com\/index.php?rest_route=%2Fwp%2Fv2%2Fmedia&parent=299"}],"curies":[{"name":"wp","href":"https:\/\/api.w.org\/{rel}","templated":true}]}}