{"id":294,"date":"2022-09-01T18:13:23","date_gmt":"2022-09-01T18:13:23","guid":{"rendered":"https:\/\/mazuryhome.com\/?page_id=294"},"modified":"2022-10-25T20:24:41","modified_gmt":"2022-10-25T20:24:41","slug":"o-nas","status":"publish","type":"page","link":"https:\/\/mazuryhome.com\/?page_id=294","title":{"rendered":"O nas"},"content":{"rendered":"<p>[et_pb_section fb_built=&#8221;1&#8243; _builder_version=&#8221;4.16&#8243; custom_padding=&#8221;1px||90px||false|false&#8221; global_colors_info=&#8221;{}&#8221;][et_pb_row use_custom_gutter=&#8221;on&#8221; gutter_width=&#8221;2&#8243; make_equal=&#8221;on&#8221; _builder_version=&#8221;4.16&#8243; width=&#8221;90%&#8221; width_tablet=&#8221;90%&#8221; width_phone=&#8221;90%&#8221; width_last_edited=&#8221;on|tablet&#8221; max_width=&#8221;1170px&#8221; max_width_tablet=&#8221;90%&#8221; max_width_phone=&#8221;90%&#8221; max_width_last_edited=&#8221;on|desktop&#8221; custom_padding=&#8221;110px||||false|false&#8221; global_colors_info=&#8221;{}&#8221;][et_pb_column type=&#8221;4_4&#8243; _builder_version=&#8221;4.16&#8243; global_colors_info=&#8221;{}&#8221;][et_pb_text _builder_version=&#8221;4.18.0&#8243; text_font=&#8221;Montserrat|600|||||||&#8221; text_text_color=&#8221;#111111&#8243; text_font_size=&#8221;46px&#8221; text_letter_spacing=&#8221;-1px&#8221; text_line_height=&#8221;1em&#8221; text_orientation=&#8221;center&#8221; text_font_size_tablet=&#8221;30px&#8221; text_font_size_phone=&#8221;20px&#8221; text_font_size_last_edited=&#8221;on|phone&#8221; global_colors_info=&#8221;{}&#8221;]<\/p>\n<p>O nas<\/p>\n<p>[\/et_pb_text][\/et_pb_column][\/et_pb_row][et_pb_row use_custom_gutter=&#8221;on&#8221; make_equal=&#8221;on&#8221; _builder_version=&#8221;4.16&#8243; width=&#8221;90%&#8221; width_tablet=&#8221;90%&#8221; width_phone=&#8221;90%&#8221; width_last_edited=&#8221;on|tablet&#8221; max_width=&#8221;1170px&#8221; max_width_tablet=&#8221;90%&#8221; max_width_phone=&#8221;90%&#8221; max_width_last_edited=&#8221;on|desktop&#8221; custom_padding=&#8221;50px|||||&#8221; global_colors_info=&#8221;{}&#8221;][et_pb_column type=&#8221;4_4&#8243; _builder_version=&#8221;4.16&#8243; global_colors_info=&#8221;{}&#8221;][et_pb_text _builder_version=&#8221;4.18.0&#8243; _module_preset=&#8221;default&#8221; custom_margin=&#8221;||-16px|||&#8221; global_colors_info=&#8221;{}&#8221; admin_label=&#8221;Tekst&#8221;]<\/p>\n<p>&nbsp;<\/p>\n<p><strong>Agencja nieruchomo\u015bci Mazury Home z siedzib\u0105 w Gi\u017cycku oferuje\u00a0<\/strong>kompleksowe us\u0142ugi po\u015brednictwa w obrocie nieruchomo\u015bciami na Mazurach. Dzia\u0142amy w sektorze nieruchomo\u015bci mieszkalnych jaki i w sektorze nieruchomo\u015bci komercyjnych, zar\u00f3wno na rynku pierwotnym jak i wt\u00f3rnym. Cechuje nas praca pe\u0142na zapa\u0142u, pasji i zaanga\u017cowania, wyr\u00f3\u017cniaj\u0105ca si\u0119 przede wszystkim du\u017c\u0105 skuteczno\u015bci\u0105 i profesjonalizmem. Ze szczeg\u00f3ln\u0105 uwag\u0105 analizujemy zmiany i nowe trendy na rynku nieruchomo\u015bci, dla kt\u00f3rych chcemy wprowadza\u0107 innowacyjne rozwi\u0105zania. Posiadamy szeroki wachlarz\u00a0 mo\u017cliwo\u015bci i rozwi\u0105za\u0144 zwi\u0105zanych z nieruchomo\u015bciami, a dzi\u0119ki zaanga\u017cowaniu projektant\u00f3w, architekt\u00f3w, in\u017cynier\u00f3w, prawnik\u00f3w, negocjator\u00f3w\u00a0 jeste\u015bmy w stanie zaproponowa\u0107 rozwi\u0105zania\u00a0 prawie na ka\u017cdy problem Klienta, z kt\u00f3rym si\u0119 do nas zwr\u00f3ci lub kt\u00f3ry pojawi si\u0119 podczas transakcji. Szukamy i proponujemy rozwi\u0105zania odpowiadaj\u0105ce Klientowi, adekwatne do sytuacji.<\/p>\n<p><strong>\u00a0W ramach wsp\u00f3\u0142pracy oferujemy:<\/strong><\/p>\n<ul>\n<li>znalezienie nieruchomo\u015bci odpowiadaj\u0105cej konkretnie sprecyzowanym oczekiwaniom<\/li>\n<li>skompletowanie wszelkich dokument\u00f3w zwi\u0105zanych z nieruchomo\u015bci\u0105<\/li>\n<li>prezentacja nieruchomo\u015bci na stronie biura i licznych portalach bran\u017cowych -regularne promowanie ofert i wyr\u00f3\u017cnianie<\/li>\n<li>weryfikacj\u0119 stanu prawnego nieruchomo\u015bci i dokument\u00f3w<\/li>\n<li>na Twoje \u017cyczenie \u2013 home-staging z wykorzystaniem naszych mebli i artyku\u0142\u00f3w dekoracyjnych; przygotowanie nieruchomo\u015bci do sesji fotograficznej<\/li>\n<li>profesjonaln\u0105 sesj\u0119 fotograficzn\u0105<\/li>\n<li>filmy z wykorzystaniem uj\u0119\u0107 z drona, doskona\u0142e narz\u0119dzie do promocji Twojej nieruchomo\u015bci w mediach spo\u0142eczno\u015bciowych<\/li>\n<li>doradztwo prawne, kredytowe i inwestycyjne zwi\u0105zane z rynkiem nieruchomo\u015bci<\/li>\n<li>koordynacj\u0119 transakcji zawieranej u notariusza\u00a0<\/li>\n<\/ul>\n<p>&nbsp;<\/p>\n<p>Wsp\u00f3\u0142pracujemy z do\u015bwiadczonymi notariuszami oraz innymi firmami z bran\u017cy obrotu nieruchomo\u015bciami, co gwarantuje pe\u0142ne bezpiecze\u0144stwo realizowanych transakcji. Nale\u017cymy do grupy profesjonalnych doradc\u00f3w kredyt\u00f3w hipotecznych OVB, pomagaj\u0105c Pa\u0144stwu w wyborze najkorzystniejszej oferty kredytu na zakup lub budow\u0119 nieruchomo\u015bci.<\/p>\n<p>Dzi\u0119ki temu, \u017ce praca jest nasz\u0105\u00a0 pasj\u0105, a zadowolenie klienta priorytetem, budujemy solidne fundamenty trwa\u0142ej i owocnej wsp\u00f3\u0142pracy.<\/p>\n<p>&nbsp;<\/p>\n<p>&nbsp;<\/p>\n<p>[\/et_pb_text][et_pb_testimonial author=&#8221;Warrent Buffet&#8221; quote_icon_color=&#8221;#E02B20&#8243; _builder_version=&#8221;4.18.0&#8243; _module_preset=&#8221;default&#8221; text_orientation=&#8221;center&#8221; global_colors_info=&#8221;{}&#8221;]<\/p>\n<p><em>Cena jest tym, co p\u0142acisz. Warto\u015b\u0107 jest tym, co otrzymujesz.<\/em><\/p>\n<p>[\/et_pb_testimonial][\/et_pb_column][\/et_pb_row][\/et_pb_section]<\/p>\n","protected":false},"excerpt":{"rendered":"<p>O nas&nbsp; Agencja nieruchomo\u015bci Mazury Home z siedzib\u0105 w Gi\u017cycku oferuje\u00a0kompleksowe us\u0142ugi po\u015brednictwa w obrocie nieruchomo\u015bciami na Mazurach. Dzia\u0142amy w sektorze nieruchomo\u015bci mieszkalnych jaki i w sektorze nieruchomo\u015bci komercyjnych, zar\u00f3wno na rynku pierwotnym jak i wt\u00f3rnym. Cechuje nas praca pe\u0142na zapa\u0142u, pasji i zaanga\u017cowania, wyr\u00f3\u017cniaj\u0105ca si\u0119 przede wszystkim du\u017c\u0105 skuteczno\u015bci\u0105 i profesjonalizmem. Ze szczeg\u00f3ln\u0105 uwag\u0105 [&hellip;]<\/p>\n","protected":false},"author":1,"featured_media":0,"parent":0,"menu_order":0,"comment_status":"closed","ping_status":"closed","template":"","meta":{"_et_pb_use_builder":"on","_et_pb_old_content":"","_et_gb_content_width":"","footnotes":""},"class_list":["post-294","page","type-page","status-publish","hentry"],"_links":{"self":[{"href":"https:\/\/mazuryhome.com\/index.php?rest_route=\/wp\/v2\/pages\/294","targetHints":{"allow":["GET"]}}],"collection":[{"href":"https:\/\/mazuryhome.com\/index.php?rest_route=\/wp\/v2\/pages"}],"about":[{"href":"https:\/\/mazuryhome.com\/index.php?rest_route=\/wp\/v2\/types\/page"}],"author":[{"embeddable":true,"href":"https:\/\/mazuryhome.com\/index.php?rest_route=\/wp\/v2\/users\/1"}],"replies":[{"embeddable":true,"href":"https:\/\/mazuryhome.com\/index.php?rest_route=%2Fwp%2Fv2%2Fcomments&post=294"}],"version-history":[{"count":6,"href":"https:\/\/mazuryhome.com\/index.php?rest_route=\/wp\/v2\/pages\/294\/revisions"}],"predecessor-version":[{"id":450,"href":"https:\/\/mazuryhome.com\/index.php?rest_route=\/wp\/v2\/pages\/294\/revisions\/450"}],"wp:attachment":[{"href":"https:\/\/mazuryhome.com\/index.php?rest_route=%2Fwp%2Fv2%2Fmedia&parent=294"}],"curies":[{"name":"wp","href":"https:\/\/api.w.org\/{rel}","templated":true}]}}